2
What is the ten thousands digit of 1631623?
3
What is the thousands digit of 147993?
7
What is the thousands digit of 10923?
0
What is the thousands digit of 116453?
6
What is the tens digit of 29053?
5
What is the tens digit of 1337470?
7
What is the hundreds digit of 31249?
2
What is the ten thousands digit of 7123768?
2
What is the tens digit of 2073609?
0
What is the ten thousands digit of 2719691?
1
What is the hundreds digit of 243631?
6
What is the thousands digit of 28245497?
5
What is the hundreds digit of 107792?
7
What is the hundreds digit of 838192?
1
What is the thousands digit of 12287188?
7
What is the units digit of 394927?
7
What is the units digit of 15305?
5
What is the tens digit of 2810710?
1
What is the thousands digit of 106318?
6
What is the hundreds digit of 27766?
7
What is the millions digit of 9435067?
9
What is the ten thousands digit of 92955?
9
What is the thousands digit of 325270?
5
What is the hundred thousands digit of 3460723?
4
What is the hundreds digit of 12623059?
0
What is the hundreds digit of 130035?
0
What is the thousands digit of 3423243?
3
What is the ten thousands digit of 6072901?
7
What is the ten thousands digit of 707257?
0
What is the millions digit of 11212675?
1
What is the thousands digit of 72081?
2
What is the tens digit of 847048?
4
What is the units digit of 5982945?
5
What is the hundred thousands digit of 355739?
3
What is the tens digit of 40367428?
2
What is the tens digit of 357434?
3
What is the ten thousands digit of 85728?
8
What is the ten thousands digit of 25096240?
9
What is the ten thousands digit of 1628489?
2
What is the tens digit of 215902?
0
What is the units digit of 664754?
4
What is the tens digit of 12881514?
1
What is the thousands digit of 16031099?
1
What is the hundreds digit of 1854672?
6
What is the ten thousands digit of 503000?
0
What is the thousands digit of 10994430?
4
What is the hundreds digit of 6715217?
2
What is the thousands digit of 327795?
7
What is the ten thousands digit of 7473070?
7
What is the units digit of 299460?
0
What is the tens digit of 279851?
5
What is the units digit of 294686?
6
What is the millions digit of 2200559?
2
What is the thousands digit of 872003?
2
What is the ten thousands digit of 7447119?
4
What is the thousands digit of 438535?
8
What is the thousands digit of 210372?
0
What is the units digit of 12521567?
7
What is the millions digit of 2093315?
2
What is the hundreds digit of 3728899?
8
What is the hundreds digit of 287598?
5
What is the hundreds digit of 3842304?
3
What is the tens digit of 153047?
4
What is the thousands digit of 306395?
6
What is the thousands digit of 751173?
1
What is the thousands digit of 3303838?
3
What is the hundreds digit of 1144210?
2
What is the hundreds digit of 144873?
8
What is the hundred thousands digit of 1326401?
3
What is the hundreds digit of 93037?
0
What is the units digit of 175381?
1
What is the units digit of 474198?
8
What is the tens digit of 1215738?
3
What is the hundred thousands digit of 550658?
5
What is the units digit of 115162?
2
What is the hundreds digit of 3031787?
7
What is the hundreds digit of 552542?
5
What is the thousands digit of 772353?
2
What is the units digit of 2235500?
0
What is the thousands digit of 12314144?
4
What is the hundred thousands digit of 156785?
1
What is the thousands digit of 1661656?
1
What is the ten thousands digit of 66897?
6
What is the thousands digit of 1152948?
2
What is the tens digit of 173126?
2
What is the hundreds digit of 115597?
5
What is the tens digit of 741244?
4
What is the units digit of 368896?
6
What is the thousands digit of 1197490?
7
What is the tens digit of 1635067?
6
What is the units digit of 525288?
8
What is the units digit of 310390?
0
What is the hundred thousands digit of 3827817?
8
What is the hundreds digit of 19698801?
8
What is the tens digit of 127834?
3
What is the hundred thousands digit of 773803?
7
What is the hundred thousands digit of 130925?
1
What is the thousands digit of 781956?
1
What is the hundreds digit of 323242?
2
What is the ten millions digit of 10400520?
1
What is the hundred thousands digit of 154959?
1
What is the units digit of 422513?
3
What is the tens digit of 516902?
0
What is the thousands digit of 3732831?
2
What is the millions digit of 21627500?
1
What is the units digit of 5969990?
0
What is the hundreds digit of 417090?
0
What is the thousands digit of 389948?
9
What is the thousands digit of 142153?
2
What is the hundred thousands digit of 12252068?
2
What is the hundreds digit of 7251347?
3
What is the hundred thousands digit of 310919?
3
What is the units digit of 232725?
5
What is the ten thousands digit of 17507689?
0
What is the hundred thousands digit of 24756535?
7
What is the ten thousands digit of 262828?
6
What is the ten thousands digit of 407413?
0
What is the thousands digit of 2012206?
2
What is the ten thousands digit of 22452441?
5
What is the thousands digit of 519594?
9
What is the millions digit of 1935766?
1
What is the hundred thousands digit of 603553?
6
What is the millions digit of 1125603?
1
What is the hundred thousands digit of 13474734?
4
What is the hundreds digit of 400286?
2
What is the hundred thousands digit of 2229318?
2
What is the tens digit of 291989?
8
What is the units digit of 924794?
4
What is the millions digit of 5075827?
5
What is the thousands digit of 219517?
9
What is the thousands digit of 4282543?
2
What is the ten thousands digit of 418920?
1
What is the thousands digit of 464170?
4
What is the tens digit of 190168?
6
What is the units digit of 25325?
5
What is the units digit of 17986553?
3
What is the tens digit of 4665977?
7
What is the tens digit of 268396?
9
What is the hundreds digit of 5524946?
9
What is the units digit of 1798355?
5
What is the hundreds digit of 548867?
8
What is the tens digit of 9962?
6
What is the thousands digit of 462283?
2
What is the ten thousands digit of 521561?
2
What is the thousands digit of 3085183?
5
What is the units digit of 2459901?
1
What is the hundreds digit of 345910?
9
What is the tens digit of 371480?
8
What is the hundreds digit of 544918?
9
What is the hundreds digit of 6799232?
2
What is the units digit of 385688?
8
What is the millions digit of 1790957?
1
What is the units digit of 3436832?
2
What is the units digit of 796589?
9
What is the tens digit of 7347517?
1
What is the ten thousands digit of 28068227?
6
What is the tens digit of 36197?
9
What is the ten thousands digit of 141609?
4
What is the units digit of 192738?
8
What is the hundred thousands digit of 426296?
4
What is the units digit of 8906?
6
What is the units digit of 26253?
3
What is the ten thousands digit of 16866236?
6
What is the ten millions digit of 12460992?
1
What is the tens digit of 61928?
2
What is the tens digit of 302543?
4
What is the thousands digit of 83068?
3
What is the hundred thousands digit of 567765?
5
What is the units digit of 9061483?
3
What is the hundred thousands digit of 121867?
1
What is the thousands digit of 655963?
5
What is the hundreds digit of 932713?
7
What is the thousands digit of 8445260?
5
What is the ten thousands digit of 7542412?
4
What is the tens digit of 77598?
9
What is the tens digit of 5491037?
3
What is the units digit of 272395?
5
What is the hundreds digit of 348603?
6
What is the ten thousands digit of 673142?
7
What is the millions digit of 10421199?
0
What is the hundreds digit of 958475?
4
What is the hundreds digit of 512192?
1
What is the tens digit of 642805?
0
What is the units digit of 5921?
1
What is the hundred thousands digit of 18835521?
8
What is the hundreds digit of 24298?
2
What is the hundred thousands digit of 4681963?
6
What is the hundred thousands digit of 7155294?
1
What is the millions digit of 1183007?
1
What is the thousands digit of 2216868?
6
What is the units digit of 1063791?
1
What is the tens digit of 821663?
6
What is the thousands digit of 139349?
9
What is the tens digit of 611127?
2
What is the tens digit of 934690?
9
What is the ten thousands digit of 6534658?
3
What is the tens digit of 323137?
3
What is the millions digit of 5788086?
5
What is the tens digit of 213058?
5
What is the millions